se -2*m + 6*d + 32 = 2*d, -4*d - 48 = -3*m. What is the remainder when 109 is divided by m?
13
Let k(c) = c**2 - 4*c**2 + 10*c + 2*c**2 + 2. Let x = 228 + -219. What is the remainder when k(x) is divided by 3?
2
Let m = 6 + 0. Let c(n) = n**3 - 4*n**2 - n + 4. What is the remainder when c(5) is divided by 26/m*(4 + -1)?
11
Suppose 0 = 2*y - 7*y - 4*u + 483, -204 = -2*y + 2*u. Suppose 2*g - 7 = 43. What is the remainder when y is divided by g?
24
Let a = -318 - -335. Calculate the remainder when 31 is divided by a.
14
Let z = 154 - 146. What is the remainder when 24 is divided by z?
0
Let h = 79 + -83. Let y(v) = -v**3 - 2*v**2 - 2*v - 5. What is the remainder when y(h) is divided by 12?
11
Let v(j) = 29*j - 9. Let d be v(2). Suppose -2*w + x = 2*w - d, 0 = -5*w + 2*x + 59. Calculate the remainder when 24 is divided by w.
11
Let h = 10 + -10. Suppose h*d + 76 = 2*d. Let n = -18 + d. What is the remainder when 77 is divided by n?
17
Let t be (-3 + 3)/(1 + 1). Let q(y) = y**3 + y**2 + y + 14. Calculate the remainder when 53 is divided by q(t).
11
Let k be (2/6)/((-2)/(-24)). Suppose -k*m - 4*m + 192 = 0. Suppose m - 8 = 2*h. Calculate the remainder when 23 is divided by h.
7
Suppose 0*u = 2*u - 12. Let a(l) = -l**3 + 5*l**2 + 3*l + 2. Let o be a(u). What is the remainder when (-1 + (-12)/8)*o is divided by 11?
7
Let h(z) = -4*z - 22. Let b be h(-5). What is the remainder when 38 is divided by 4 + 9/b*-2?
12
Let u(i) = 6*i - 51. Let o be u(-7). Let x = -37 - o. Calculate the remainder when x is divided by 30.
26
Suppose 2*n - 2*i = n + 142, -4*n = -i - 561. Calculate the remainder when n is divided by 48.
44
Let y = 1127 - 1093. Calculate the remainder when y is divided by 23.
11
Calculate the remainder when (-4 - (-4)/(-4))*(-13 + -4) is divided by 30.
25
Let h be (14 + -2)*((-3)/4 + -1). Let x = 62 + h. What is the remainder when 159 is divided by x?
36
Let m(x) = -x**3 - 45*x**2 + 44. Calculate the remainder when 306 is divided by m(-45).
42
Suppose -2*x = -6 - 20. Let f be -2*(-3)/18*-3. What is the remainder when 42 + f + (-2 - 1) is divided by x?
12
Suppose -n + 5*n - 67 = 5*v, 5*v = 5. Suppose -3*i - 134 = -335. Suppose 5*a = -3*z + 162, -3*a + z = -i - 33. What is the remainder when a is divided by n?
15
Suppose 3*h - 63 = -0*l - 3*l, -2*h = 0. Let v(w) = w**2 - 2*w - 19. Let j be v(7). Let n = 23 + j. Calculate the remainder when n is divided by l.
18
Suppose -30 = -i + b, -3*b + 18 = i - 0*b. Calculate the remainder when 51 is divided by i.
24
Let u(h) = 2*h**2 + 2*h + 29. Let d = 42 + -42. Suppose -180 = -5*n + 245. Calculate the remainder when n is divided by u(d).
27
Suppose 0 = 5*c - 20, -9*n = -10*n - 2*c + 13. What is the remainder when 72 is divided by n?
2
Suppose -5*z - 16 + 6 = 0. Calculate the remainder when (-747)/(-27) + z*1/3 is divided by 14.
13
Suppose 5*j + 51 - 386 = 0. Suppose 0 = -3*c - 5*t + 103, c + c - 4*t - 76 = 0. What is the remainder when j is divided by c?
31
Let k = -32 + 50. Suppose 22*p = k*p + 308. Suppose 3*i + 2*m - 4 = 69, m = -3*i + p. What is the remainder when i is divided by 15?
12
Let m = -6262 + 6327. Calculate the remainder when m is divided by (-1)/(-3) - (-22)/6.
1
Let l(h) = 3*h**2 - 16*h - 1. Suppose 30 + 55 = 5*y. Calculate the remainder when l(8) is divided by y.
12
Suppose -11*u + q = -15*u + 61, -85 = -5*u - 3*q. Calculate the remainder when 1089 is divided by u.
11
Suppose 0 = -32*b + 28*b + 8, -2*r - 4*b + 88 = 0. What is the remainder when r is divided by 22?
18
Let p = -43 + 40. Suppose -1 = -2*v + 1. Calculate the remainder when 43 is divided by 0 + p + 13 + v.
10
Let o = -247 + 544. What is the remainder when o is divided by 13?
11
Let h = -79 + 82. Suppose -x + 110 + 130 = 2*a, -4*a - h*x + 484 = 0. What is the remainder when a is divided by 17?
16
Let v be (3/(-6))/(2/(-104)). Suppose -4*b = -3*i - 34, -i = 5*b - v - 7. Calculate the remainder when (-4)/20 - (-48)/15 - -8 is divided by b.
4
Let l be 127 - ((5 - 2) + 2). Suppose l - 418 = -8*j. Calculate the remainder when j is divided by 13.
11
Calculate the remainder when 74 is divided by (2 - 9/(-3))/((-6)/(-12)).
4
Let l = -1928 + 1935. Calculate the remainder when l is divided by ((-10)/4 + 0)*-2.
2
Let t(p) be the second derivative of -p**3 - 5*p. Let f be t(-2). Let x = f - 8. Calculate the remainder when 5 is divided by x.
1
What is the remainder when 125 is divided by (-4 - 1)*(-64)/20?
13
Suppose -j + 127 = 4*c, -17*c + 13*c - 230 = -2*j. What is the remainder when j is divided by 35?
14
Suppose -81*l + 480 = -69*l. Suppose 4*s = -3*h + 4*h + 312, h = 2*s - 158. Calculate the remainder when s is divided by l.
37
Let q = -8162 - -8183. Suppose 0 = 5*j - w - 314, -2*j + 2*w + 112 = 5*w. Calculate the remainder when j is divided by q.
20
Let c(m) = -1 + 102*m - 2 - m**3 + 0*m**3 + 10*m**2 - 110*m. Calculate the remainder when 6 is divided by c(9).
0
Let b(a) = 6*a**2 - 9*a. Calculate the remainder when b(5) is divided by 56.
49
Let d = -1329 - -1370. What is the remainder when 200 is divided by d?
36
Suppose -3*t - 3*v = -16 - 8, 4*t + v - 35 = 0. Suppose 2*i + 5 = -a, 4*i + 18 + 7 = a. Suppose -74 - 56 = -a*j. Calculate the remainder when j is divided by t.
8
Suppose -7 = -3*b + h, 2*b - 1 = 2*h + 5. Suppose -c + b*c = 0. What is the remainder when 37 is divided by (-3 - -15) + 1 + c?
11
Let g(l) = -l**3 - 6*l**2 + 9*l + 10. Let s be g(-7). What is the remainder when (76 - -4) + s + 0 is divided by 26?
24
Suppose -x = 16*x - 918. Let l(w) = -52*w + 5. Calculate the remainder when l(-4) is divided by x.
51
Let p be 169/1 + 0 + (-14 - -12). Suppose 65 = 4*r - p. Calculate the remainder when r is divided by 3.
1
Suppose -3*y - 4 + 798 = 4*k, -5*y - 2*k = -1328. Calculate the remainder when y is divided by 30.
26
Calculate the remainder when 1141 is divided by (5/(-5))/3 + (-939)/(-9).
101
Let q(r) = r**2 + 7*r + 12. Let v be q(-5). Suppose 3*f + 4*g = -g + 121, -41 = -f - v*g. What is the remainder when 144 is divided by f?
33
Suppose -788 = -26*m - 89 + 55. Calculate the remainder when ((-5)/(-2) - 1)*134 is divided by m.
27
Let s = -237 - -436. Let x = s - 169. Calculate the remainder when 80 is divided by x.
20
Suppose 3*t + 2*o - 258 = -o, -5*o - 193 = -2*t. Calculate the remainder when 709 is divided by t.
86
Let n(p) = p**3 + 14*p**2 + 15*p + 15. Calculate the remainder when n(-6) is divided by 43.
41
Suppose -9*o - 529 = -2293. Calculate the remainder when o is divided by 105.
91
What is the remainder when -3 - ((-108)/(-2))/(-2) is divided by -3 + (-539)/(-33) + (-4)/(-6)?
10
Suppose -l - 3*y + 112 + 6 = 0, -l - 4*y = -115. What is the remainder when l is divided by 33?
28
Let q = 19 + -19. Calculate the remainder when 21 is divided by (14 - 5) + q + 0.
3
Let x(q) = q**3 + 19*q**2 + 13*q - 20. Let f be x(-18). Suppose -4*t = 2*o + 20 - f, -t + 5*o = -40. What is the remainder when 42 is divided by t?
12
Suppose -4*v + 267 = 5*r, -r + 75 - 14 = -3*v. Calculate the remainder when 163 is divided by r.
53
Let a be (17 - -3) + 3*1. Let x = 34 - a. What is the remainder when 21 is divided by x?
10
Suppose 16*n + 3*c - 136 = 12*n, n - 29 = -2*c. Calculate the remainder when 127 is divided by n.
16
Let z = 33 + -29. Let x(l) = 17*l + 1. What is the remainder when x(z) is divided by 25?
19
Suppose -5*g - 6 + 1 = 0, -g = 3*b - 50. Let a(q) = -q - 11. Let u be a(9). Calculate the remainder when -40*(-3 - 35/u) is divided by b.
16
Suppose -45 + 5 = -2*t. Calculate the remainder when 77 is divided by t.
17
Calculate the remainder when 900 is divided by (-156)/117 + (-1)/(-6)*110.
16
Let l(a) = -a**3 - 8*a**2 - 4*a + 10. Let q = 1 - -2. Suppose 0 = q*x - 9, 6*y = y + 3*x + 46. What is the remainder when l(-8) is divided by y?
9
Suppose 6*k - 158 = -8. Suppose -15 = -4*i + k. Suppose 0 = 7*s - 108 + i. Calculate the remainder when 54 is divided by s.
12
Let z(p) = -2*p**3 - p**2 - 2. What is the remainder when 156/(-104)*(0 - 38) is divided by z(-2)?
7
Let z(f) = 3*f**2 - 7. What is the remainder when z(-9) is divided by 81?
74
Let k = 18 - 12. Suppose k*a - i - 452 = a, 3*i = 9. What is the remainder when a is divided by 23?
22
Suppose v - 4*c + 9 = 0, 2*c - 21 = -3*v - 2*c. Let t(y) = 52 - y - 100 + 52. Calculate the remainder